{"id":1810,"date":"2021-09-03T20:26:55","date_gmt":"2021-09-03T19:26:55","guid":{"rendered":"https:\/\/abfc-group.com\/?page_id=1810"},"modified":"2022-02-17T18:47:34","modified_gmt":"2022-02-17T17:47:34","slug":"a-propos","status":"publish","type":"page","link":"https:\/\/abfc-group.com\/index.php\/a-propos\/","title":{"rendered":"\u25b7 \u00c0 propos"},"content":{"rendered":"\n<p><strong><mark style=\"background-color:rgba(0, 0, 0, 0);color:#0070c0\" class=\"has-inline-color\">ABFC GROUP<\/mark> <\/strong>est une <strong><mark style=\"background-color:rgba(0, 0, 0, 0);color:#0070c0\" class=\"has-inline-color\">Soci\u00e9t\u00e9 de Conseil<\/mark><\/strong>.<\/p>\n\n\n\n<p><mark style=\"background-color:rgba(0, 0, 0, 0);color:#ff0000\" class=\"has-inline-color\">\u25b7<\/mark> Un <strong><span style=\"text-decoration: underline;\">axe majeur<\/span> <\/strong>de ses actions : <strong><mark style=\"background-color:rgba(0, 0, 0, 0);color:#0070c0\" class=\"has-inline-color\"><span style=\"text-decoration: underline;\">d\u00e9mocratiser l&rsquo;Audit d&rsquo;Entreprise<\/span> <\/mark><\/strong>aupr\u00e8s des <strong><mark style=\"background-color:rgba(0, 0, 0, 0);color:#0070c0\" class=\"has-inline-color\">TPE<\/mark><\/strong>\/<strong><mark style=\"background-color:rgba(0, 0, 0, 0);color:#0070c0\" class=\"has-inline-color\">PME<\/mark><\/strong>.<\/p>\n\n\n\n<p>Cet engagement prend racines dans <strong>4 constats<\/strong> :<br><mark style=\"background-color:rgba(0, 0, 0, 0)\" class=\"has-inline-color has-black-color\"><strong><mark style=\"background-color:rgba(0, 0, 0, 0);color:#0070c0\" class=\"has-inline-color\">1\u00b0\/<\/mark><\/strong><\/mark><strong> <\/strong>Les <strong>ETI et grandes entreprises<\/strong>, ont largement recours \u00e0 cet <strong><span style=\"text-decoration: underline;\">outil de pilotage<\/span><\/strong>.<br><mark style=\"background-color:rgba(0, 0, 0, 0)\" class=\"has-inline-color has-black-color\"><strong><mark style=\"background-color:rgba(0, 0, 0, 0);color:#0070c0\" class=\"has-inline-color\">2\u00b0\/<\/mark><\/strong><\/mark><strong> <\/strong>Toutes <strong>les grandes entreprises ont commenc\u00e9 par \u00eatre<\/strong>\u2026 des <strong>petites <\/strong>entreprises.<br><mark style=\"background-color:rgba(0, 0, 0, 0)\" class=\"has-inline-color has-black-color\"><strong><mark style=\"background-color:rgba(0, 0, 0, 0);color:#0070c0\" class=\"has-inline-color\">3\u00b0\/<\/mark><\/strong><\/mark><strong> <\/strong> Les <strong>PME\/TPE<\/strong> sont <strong>peu nombreuses<\/strong> \u00e0 avoir <strong>recours <\/strong>\u00e0 l&rsquo;accompagnement en g\u00e9n\u00e9ral et <strong>\u00e0 l&rsquo;audit externe en particulier<\/strong>.<br>Pourtant\u2026<br><mark style=\"background-color:rgba(0, 0, 0, 0)\" class=\"has-inline-color has-black-color\"><strong><mark style=\"background-color:rgba(0, 0, 0, 0);color:#0070c0\" class=\"has-inline-color\">4\u00b0\/<\/mark><\/strong><\/mark><strong> <\/strong> <strong>Toutes les petites entreprises qui se sont joliment d\u00e9velopp\u00e9es ont recours \u00e0 l&rsquo;accompagnement externe<\/strong>.<\/p>\n\n\n\n<p>L&rsquo;histoire de l&rsquo;industrie montre en effet que toutes les entreprises qui parviennent \u00e0 <strong>se d\u00e9velopper avec robustesse<\/strong> ont l&rsquo;habitude de <strong>faire appel \u00e0 des expertises externes<\/strong>, des interventions ponctuelles.<br>Une des forces de l&rsquo;intervenant externe : il\/elle est &#8212; naturellement &#8212; <strong><span style=\"text-decoration: underline;\">en retrait du quotidien op\u00e9rationnel<\/span><\/strong>. L&rsquo;<strong><span style=\"text-decoration: underline;\">\u00e9coute<\/span><\/strong>, l&rsquo;<strong><span style=\"text-decoration: underline;\">analyse<\/span><\/strong> et la <span style=\"text-decoration: underline;\"><strong>synth\u00e8se<\/strong><\/span> ne sont &#8212; par nature &#8212; pas empruntes d&rsquo;affectif, et cette <strong><span style=\"text-decoration: underline;\">objectivit\u00e9<\/span><\/strong> alimente fortement la r\u00e9flexion qui conduit \u00e0 la <strong><span style=\"text-decoration: underline;\">feuille de route<\/span><\/strong>.<\/p>\n\n\n\n<p><mark style=\"background-color:rgba(0, 0, 0, 0);color:#ff0000\" class=\"has-inline-color\">\u25b7<\/mark> Deuxi\u00e8me <strong><span style=\"text-decoration: underline;\">axe majeur<\/span> <\/strong>de l&rsquo;activit\u00e9 d&rsquo;ABFC : <strong><mark style=\"background-color:rgba(0, 0, 0, 0);color:#0070c0\" class=\"has-inline-color\"><span style=\"text-decoration: underline;\">l&rsquo;\u00e9tablissement de la feuille de route<\/span><\/mark><\/strong> en collaboration &#8212; et autant que possible, en symbiose &#8212; avec les \u00e9quipes qui doivent se l&rsquo;approprier.<br>Un <strong>business plan robuste<\/strong> ne se r\u00e9sume pas \u00e0 un tableau Excel (qui argumente les promesses d&rsquo;un bel avenir\u2026). Il doit &#8212; par essence &#8212;  s&rsquo;appuyer sur un <strong>plan d&rsquo;action<\/strong> et sur la place de ce plan d&rsquo;action dans la strat\u00e9gie globale de l&rsquo;entreprise.<\/p>\n\n\n\n<p><mark style=\"background-color:rgba(0, 0, 0, 0);color:#ff0000\" class=\"has-inline-color\">\u25b7<\/mark> Troisi\u00e8me <strong><span style=\"text-decoration: underline;\">axe majeur<\/span> <\/strong>de l&rsquo;activit\u00e9 d&rsquo;ABFC : <strong><mark style=\"background-color:rgba(0, 0, 0, 0);color:#0070c0\" class=\"has-inline-color\"><span style=\"text-decoration: underline;\">l&rsquo;engagement  dans le d\u00e9ploiement<\/span><\/mark><\/strong> du projet. L&rsquo;<strong>audit<\/strong> apporte \u00e0 la Direction de l&rsquo;Entreprise, un <strong>\u00e9clairage ext\u00e9rieur, nouveau, suppl\u00e9mentaire<\/strong> sur un sujet essentiel &#8212; peut-\u00eatre m\u00eame vital &#8212; pour l&rsquo;avenir, le d\u00e9veloppement, la croissance. Il est <strong><span style=\"text-decoration: underline;\">une source riche pour les prises de d\u00e9cisions<\/span><\/strong>. Et, \u00e0 sa suite\u2026 la valeur produite se trouve dans <strong><mark style=\"background-color:rgba(0, 0, 0, 0);color:#ff0000\" class=\"has-inline-color\">l&rsquo;action<\/mark><\/strong>. Dans le d\u00e9ploiement du projet. Pas \u00e0 pas. \u00c9tape apr\u00e8s \u00e9tape.<strong><span style=\"text-decoration: underline;\"><mark style=\"background-color:rgba(0, 0, 0, 0);color:#0070c0\" class=\"has-inline-color\"> <\/mark><\/span><\/strong>Jusqu&rsquo;\u00e0 l&rsquo;atteinte des <strong><mark style=\"background-color:rgba(0, 0, 0, 0);color:#0070c0\" class=\"has-inline-color\">r\u00e9sultats <\/mark><\/strong>mesurables, du succ\u00e8s de la <strong><mark style=\"background-color:rgba(0, 0, 0, 0);color:#0070c0\" class=\"has-inline-color\">transformation<\/mark><\/strong>.<\/p>\n\n\n\n<p class=\"has-text-align-center\"><mark style=\"background-color:rgba(0, 0, 0, 0);color:#ff0000\" class=\"has-inline-color\">\u25b7<\/mark> <mark style=\"background-color:rgba(0, 0, 0, 0);color:#ff0000\" class=\"has-inline-color\">\u25b7<\/mark> <mark style=\"background-color:rgba(0, 0, 0, 0);color:#ff0000\" class=\"has-inline-color\">\u25b7<\/mark> <\/p>\n\n\n\n<p>L&rsquo;activit\u00e9 d&rsquo;<strong><mark style=\"background-color:rgba(0, 0, 0, 0);color:#0070c0\" class=\"has-inline-color\">ABFC GROUP<\/mark><\/strong> est n\u00e9e dans le <strong><mark style=\"background-color:rgba(0, 0, 0, 0);color:#0070c0\" class=\"has-inline-color\">Secteur Industriel<\/mark><\/strong>.<br>L&rsquo;entreprise comporte aujourd&rsquo;hui <mark style=\"background-color:rgba(0, 0, 0, 0);color:#0070c0\" class=\"has-inline-color\"><strong>deux p\u00f4les<\/strong> <\/mark>:<br><br><mark style=\"background-color:rgba(0, 0, 0, 0);color:#ff0000\" class=\"has-inline-color\">\u25b7<\/mark> <strong><span style=\"text-decoration: underline;\"><mark style=\"background-color:rgba(0, 0, 0, 0);color:#0070c0\" class=\"has-inline-color\">ABFC INDUSTRY EUROPE<\/mark><\/span> <\/strong>s\u2019adresse aux <strong><mark style=\"background-color:rgba(0, 0, 0, 0);color:#0070c0\" class=\"has-inline-color\">fabricants <\/mark><\/strong>et\/ou <strong><mark style=\"background-color:rgba(0, 0, 0, 0);color:#0070c0\" class=\"has-inline-color\">\u00e9diteurs <\/mark><\/strong>de solutions d\u2019<strong><mark style=\"background-color:rgba(0, 0, 0, 0);color:#0070c0\" class=\"has-inline-color\">automatismes industriels<\/mark><\/strong>, \u00e0 leurs <strong><mark style=\"background-color:rgba(0, 0, 0, 0);color:#0070c0\" class=\"has-inline-color\">int\u00e9grateurs <\/mark><\/strong>et leurs <strong><mark style=\"background-color:rgba(0, 0, 0, 0);color:#0070c0\" class=\"has-inline-color\">utilisateurs <\/mark><\/strong>;<br><br><mark style=\"background-color:rgba(0, 0, 0, 0);color:#ff0000\" class=\"has-inline-color\">\u25b7<\/mark> <span style=\"text-decoration: underline;\"><strong><mark style=\"background-color:rgba(0, 0, 0, 0);color:#0070c0\" class=\"has-inline-color\">ABFC ENTERPRISE CONSULT<\/mark><\/strong><\/span> s\u2019adresse aux <strong><mark style=\"background-color:rgba(0, 0, 0, 0);color:#0070c0\" class=\"has-inline-color\">dirigeant.e.s d\u2019entreprises<\/mark><\/strong>, leurs <strong><mark style=\"background-color:rgba(0, 0, 0, 0);color:#0070c0\" class=\"has-inline-color\">comit\u00e9s de direction<\/mark> <\/strong>et leurs <strong><mark style=\"background-color:rgba(0, 0, 0, 0);color:#0070c0\" class=\"has-inline-color\">manageur.e.s<\/mark><\/strong>.<\/p>\n\n\n\n<figure class=\"wp-block-image size-large\"><a href=\"https:\/\/abfc-group.com\/wp-content\/uploads\/2021\/08\/separateur-ligne-horizontale-BBR.png\"><img decoding=\"async\" loading=\"lazy\" width=\"1024\" height=\"35\" src=\"https:\/\/abfc-group.com\/wp-content\/uploads\/2021\/08\/separateur-ligne-horizontale-BBR-1024x35.png\" alt=\"_separateur ligne horizontale BBR\" class=\"wp-image-1606\" srcset=\"https:\/\/abfc-group.com\/wp-content\/uploads\/2021\/08\/separateur-ligne-horizontale-BBR-1024x35.png 1024w, https:\/\/abfc-group.com\/wp-content\/uploads\/2021\/08\/separateur-ligne-horizontale-BBR-300x10.png 300w, https:\/\/abfc-group.com\/wp-content\/uploads\/2021\/08\/separateur-ligne-horizontale-BBR-768x26.png 768w, https:\/\/abfc-group.com\/wp-content\/uploads\/2021\/08\/separateur-ligne-horizontale-BBR.png 1346w\" sizes=\"(max-width: 1024px) 100vw, 1024px\" \/><\/a><\/figure>\n\n\n\n<p>Je suis Bruno FORGUE, fondateur d&rsquo;<strong>ABFC GROUP<\/strong>.<\/p>\n\n\n\n<p><mark style=\"background-color:rgba(0, 0, 0, 0);color:#0070c0\" class=\"has-inline-color\">\u25b7<\/mark> Comme la plupart des ing\u00e9nieurs, j&rsquo;ai commenc\u00e9 ma carri\u00e8re en laboratoire de <strong>R&amp;D<\/strong> [\u00e9lectronique de D\u00e9fense], au sein d&rsquo;une entreprise fran\u00e7aise &#8212; un des leaders mondiaux de son domaine.<\/p>\n\n\n\n<p> <mark style=\"background-color:rgba(0, 0, 0, 0);color:#0070c0\" class=\"has-inline-color\">\u25b7<\/mark> Puis mes activit\u00e9s en <strong>informatique technique <\/strong>m&rsquo;ont men\u00e9 vers un <strong>groupe de presse professionnelle<\/strong> [ayant dans son giron des r\u00e9f\u00e9rences comme L&rsquo;Usine Nouvelle, Industrie &amp; Technologies, La Revue Mesures, 01-Informatique, \u00c9lectronique Hebdo, etc.]. J&rsquo;ai ainsi \u00e9t\u00e9 amen\u00e9 \u00e0 contribuer au magazine de r\u00e9f\u00e9rence en <strong>Instrumentation<\/strong>, <strong>Contr\u00f4le de Process<\/strong> et <strong>Automatismes Industriels<\/strong>, en tant que <strong>r\u00e9dacteur<\/strong>, puis <strong>Chef de Rubrique<\/strong>, et <strong>R\u00e9dacteur-en-Chef Adjoint<\/strong>.<br>C&rsquo;\u00e9tait pour moi un <strong>observatoire parfait<\/strong> pour <strong>satisfaire mon attrait<\/strong> pour la <strong>Technique<\/strong>, la <strong>Technologie<\/strong>, les <strong>Automatismes<\/strong>, les <strong>Transformations &amp; Mutations industrielles des Entreprises<\/strong>.<br>C\u2019\u00e9tait aussi ma <strong>premi\u00e8re exp\u00e9rience en Management<\/strong>. Une \u00e9quipe de <strong>7 journalistes<\/strong> [toutes\/tous <strong>de formation technique<\/strong>]. Des personnalit\u00e9s fortes.<br>C\u2019\u00e9tait le temps de mes <strong>premi\u00e8res ouvertures vers l\u2019international<\/strong>.<\/p>\n\n\n\n<p><mark style=\"background-color:rgba(0, 0, 0, 0);color:#ff0000\" class=\"has-inline-color\">\u25b7<\/mark> Ces premi\u00e8res p\u00e9riodes de ma carri\u00e8re m&rsquo;ont permis de renforcer mon attrait pour les <strong>techniques <\/strong>et les <strong>technologies<\/strong>, mais aussi de d\u00e9velopper ma <strong>cr\u00e9ativit\u00e9<\/strong>, ma <strong>curiosit\u00e9 naturelle<\/strong> et mes comp\u00e9tences en <strong>communication<\/strong>. Comp\u00e9tences que j&rsquo;ai encore chaque jour plaisir \u00e0 enrichir et valoriser.<mark style=\"background-color:rgba(0, 0, 0, 0);color:#0070c0\" class=\"has-inline-color\"> \u25b7\u25b7\u25b7<\/mark><\/p>\n\n\n\n<p><mark style=\"background-color:rgba(0, 0, 0, 0);color:#0070c0\" class=\"has-inline-color\">\u25b7<\/mark> Ensuite, j\u2019ai eu la chance d&rsquo;\u00eatre sollicit\u00e9 par un <strong>distributeur<\/strong> de produits et solutions <strong>pour l&rsquo;industrie<\/strong>, et en particulier de contribuer \u00e0 l\u2019essor en France d\u2019une <strong>startup <\/strong>[californienne] en prenant part \u00e0 son <strong>d\u00e9veloppement marketing et commercial<\/strong>. Cette p\u00e9pite est devenue rapidement le leader mondial en <strong>Supervision &amp; Contr\u00f4le de Processus Industriels<\/strong>. Son offre s\u2019est d&rsquo;ailleurs rapidement \u00e9largie : <strong>MES <\/strong>[Manufacturing Execution System &#8212; Gestion des op\u00e9rations de production], <strong>APM <\/strong>[Asset Performance Management], <strong>Maintenance<\/strong> 4.0, <strong>I-IoT<\/strong> [Industrial Internet of Things], <strong>Cloud Industriel<\/strong>.<\/p>\n\n\n\n<p><mark style=\"background-color:rgba(0, 0, 0, 0);color:#0070c0\" class=\"has-inline-color\">\u25b7<\/mark> Dans la continuit\u00e9 de cette exp\u00e9rience, j&rsquo;ai rejoins l&rsquo;<strong>un des tops 3 au niveau mondial <\/strong>[leader aux USA] des <strong>Automatismes Industriels<\/strong>.  Pour accompagner\/s\u00e9curiser sa [re]structuration et sa <strong>tr\u00e8s forte croissance<\/strong> [notamment par des acquisitions en Europe], le groupe avait \u00e9videmment un gros besoin en <strong>d\u00e9veloppement d\u2019image<\/strong>. J&rsquo;ai pris plaisir \u00e0 travailler sur des projets portant sur l\u2019homog\u00e9n\u00e9isation et la <strong>localisation du marketing<\/strong>\u2026  la<strong> traduction de la documentation<\/strong>\u2026 les <strong>relations presse<\/strong> locales et europ\u00e9ennes\u2026 l\u2019organisation d&rsquo;<strong>\u00e9v\u00e8nements technico-commerciaux <\/strong>[salons professionnels, \u00e9v\u00e8nements itin\u00e9rants]\u2026 l\u2019<strong>adaptation d&rsquo;outils de reporting<\/strong>\u2026 l&rsquo;<strong>animation de groupes de travail internationaux<\/strong>\u2026 etc.<\/p>\n\n\n\n<p><mark style=\"background-color:rgba(0, 0, 0, 0);color:#ff0000\" class=\"has-inline-color\">\u25b7<\/mark> Startup&#8230; Grand groupe international\u2026 Ces nouvelles p\u00e9riodes de ma carri\u00e8re &#8212; Outre de nouveaux apprentissages, notamment en <strong>marketing et communication B2B industriels<\/strong> &#8212; m&rsquo;ont permis \u00e0 mieux comprendre les <strong>tenants et aboutissants [internes et externes] du d\u00e9veloppement<\/strong> ainsi que <strong>le r\u00f4le <\/strong>d&rsquo;une <strong>entreprise<\/strong> <strong>industrielle et commerciale<\/strong> au sein de son <strong>\u00e9cosyst\u00e8me<\/strong>. Des connaissances que j&rsquo;ai plaisir \u00e0 utiliser dans mon travail actuel. <mark style=\"background-color:rgba(0, 0, 0, 0);color:#0070c0\" class=\"has-inline-color\">\u25b7\u25b7\u25b7 <\/mark><\/p>\n\n\n\n<p><mark style=\"background-color:rgba(0, 0, 0, 0);color:#0070c0\" class=\"has-inline-color\">\u25b7<\/mark> Autre \u00e9tape majeure de ma carri\u00e8re : ma contribution au d\u00e9veloppement de la<strong> filiale EMEA<\/strong> [Europe Middle-East Africa] d\u2019une <strong>startup <\/strong>sp\u00e9cialis\u00e9e dans <strong>le Transfert de Donn\u00e9es dans les Ateliers Industriels<\/strong>. En 15 ans, nous sommes pass\u00e9s de 2 \u00e0 18 personnes sur notre territoire. Le chiffre d&rsquo;affaires est pass\u00e9 de 150 k\u20ac \u00e0 9 M\u20ac.<\/p>\n\n\n\n<p><mark style=\"background-color:rgba(0, 0, 0, 0);color:#0070c0\" class=\"has-inline-color\">\u25b7<\/mark> Avant de fonder ABFC GROUP,<strong> j&rsquo;ai dirig\u00e9 cette entreprise pendant 3 ans<\/strong>. Le challenge \u00e9tait sans doute os\u00e9 : Il fallait <strong>\u00e9viter la faillite<\/strong> [en 3 mois avant la cl\u00f4ture de l&rsquo;exercice annuel]\u2026 ajuster le <strong>business-plan<\/strong>&#8230; n\u00e9gocier avec des <strong>actionnaires<\/strong> am\u00e9ricains [tous les fournisseurs ont \u00e9t\u00e9 pay\u00e9s dans les temps, et le bilan a \u00e9t\u00e9 sauv\u00e9]\u2026 <strong>garder les talents<\/strong>, les <strong>encourager<\/strong>, les <strong>accompagner<\/strong>\u2026 rassurer les <strong>partenaires<\/strong> et les <strong>clients<\/strong>\u2026 rassurer les banques et la\u00a0<strong>Banque de France<\/strong>\u2026 <strong>r\u00e9organiser <\/strong>le travail et red\u00e9finir les <strong>proc\u00e9dures internes<\/strong>\u2026 red\u00e9finir les <strong>d\u00e9penses prioritaires<\/strong>\u2026 red\u00e9finir et n\u00e9gocier quelques <strong>contrats fournisseurs<\/strong>\u2026 passer un certain nombre de <strong>contr\u00f4les <\/strong>: <strong>Fisc<\/strong>, <strong>Douane<\/strong>, <strong>Inspection du travail<\/strong>, <strong>M\u00e9decine et Psychologie du travail<\/strong>, <strong>URSSAF<\/strong>\u2026 il a fallu <strong>embaucher <\/strong>pour ouvrir et\/ou renforcer les <strong>bureaux \u00e9trangers <\/strong>[Allemagne, \u00c9mirats-Arabes-Unis, Italie, Grande -Bretagne, Pologne]\u2026 <br>La rentabilit\u00e9 est tr\u00e8s vite revenue. Je remercie une fois encore toutes celles et ceux [actionnaires et salari\u00e9.e.s] qui m&rsquo;ont fait confiance, ont jou\u00e9 le jeu, ont pris leur travail \u00e0 c\u0153ur, ont appris \u00e0 se responsabiliser. \u00c0 la fin de mon mandat, l\u2019effectif avait augment\u00e9 de 50%. La croissance \u00e9tait revenue et stabilis\u00e9e.<\/p>\n\n\n\n<p><mark style=\"background-color:rgba(0, 0, 0, 0);color:#ff0000\" class=\"has-inline-color\">\u25b7<\/mark> J&rsquo;ai v\u00e9cu cette exp\u00e9rience de terrain comme une succession d&rsquo;opportunit\u00e9s pour &#8212; tout simplement &#8212; me d\u00e9couvrir, mais \u00e9galement &#8212; bien entendu &#8212; acqu\u00e9rir et d\u00e9velopper des comp\u00e9tences existantes et nouvelles : un terrain id\u00e9al pour de nouveaux  apprentissages.  En toute humilit\u00e9, de tr\u00e8s belles exp\u00e9rience en Management et Direction d\u2019Entreprise, que je prend plaisir \u00e0 exploiter dans mes accompagnements d&rsquo;aujourd&rsquo;hui. <mark style=\"background-color:rgba(0, 0, 0, 0);color:#ff0000\" class=\"has-inline-color\">\u25b7\u25b7\u25b7<\/mark><\/p>\n\n\n\n<figure class=\"wp-block-image size-large is-resized\"><a href=\"https:\/\/abfc-group.com\/wp-content\/uploads\/2021\/05\/ABFC-Bruno_FORGUE_1050x1050.png\"><img decoding=\"async\" loading=\"lazy\" src=\"https:\/\/abfc-group.com\/wp-content\/uploads\/2021\/05\/ABFC-Bruno_FORGUE_1050x1050-1024x1024.png\" alt=\"ABFC Bruno_FORGUE_1050x1050\" class=\"wp-image-1271\" width=\"79\" height=\"79\"\/><\/a><figcaption> <\/figcaption><\/figure>\n","protected":false},"excerpt":{"rendered":"<p>ABFC GROUP est une Soci\u00e9t\u00e9 de Conseil. \u25b7 Un axe majeur de ses actions : d\u00e9mocratiser l&rsquo;Audit d&rsquo;Entreprise aupr\u00e8s des TPE\/PME. Cet engagement prend racines &hellip; <\/p>\n","protected":false},"author":1,"featured_media":0,"parent":0,"menu_order":0,"comment_status":"closed","ping_status":"closed","template":"","meta":{"_mi_skip_tracking":false},"_links":{"self":[{"href":"https:\/\/abfc-group.com\/index.php\/wp-json\/wp\/v2\/pages\/1810"}],"collection":[{"href":"https:\/\/abfc-group.com\/index.php\/wp-json\/wp\/v2\/pages"}],"about":[{"href":"https:\/\/abfc-group.com\/index.php\/wp-json\/wp\/v2\/types\/page"}],"author":[{"embeddable":true,"href":"https:\/\/abfc-group.com\/index.php\/wp-json\/wp\/v2\/users\/1"}],"replies":[{"embeddable":true,"href":"https:\/\/abfc-group.com\/index.php\/wp-json\/wp\/v2\/comments?post=1810"}],"version-history":[{"count":42,"href":"https:\/\/abfc-group.com\/index.php\/wp-json\/wp\/v2\/pages\/1810\/revisions"}],"predecessor-version":[{"id":2370,"href":"https:\/\/abfc-group.com\/index.php\/wp-json\/wp\/v2\/pages\/1810\/revisions\/2370"}],"wp:attachment":[{"href":"https:\/\/abfc-group.com\/index.php\/wp-json\/wp\/v2\/media?parent=1810"}],"curies":[{"name":"wp","href":"https:\/\/api.w.org\/{rel}","templated":true}]}}